 181
What are the prime factors of 2847136630?
2, 5, 13, 21901051
What are the prime factors of 12965710?
2, 5, 1296571
What are the prime factors of 214380291?
3, 61, 1171477
List the prime factors of 122730433.
7, 379, 46261
List the prime factors of 3045708776.
2, 11, 107, 3023
List the prime factors of 2807374430.
2, 5, 7, 40105349
List the prime factors of 45476561.
13, 179, 19543
What are the prime factors of 1162409807?
13, 4451, 20089
What are the prime factors of 1987484408?
2, 7, 13, 233, 11717
What are the prime factors of 2763634909?
7, 397, 994471
What are the prime factors of 94778475?
3, 5, 11, 114883
What are the prime factors of 55625356?
2, 37, 41, 89, 103
What are the prime factors of 13817089?
11, 13, 23, 4201
List the prime factors of 29471132.
2, 17, 433399
List the prime factors of 155310532.
2, 13, 2986741
List the prime factors of 293386636.
2, 2617, 28027
What are the prime factors of 629842372?
2, 227, 693659
List the prime factors of 3275299771.
3275299771
What are the prime factors of 591202375?
5, 109, 43391
What are the prime factors of 42687671?
13, 113, 29059
List the prime factors of 377450142.
2, 3, 62908357
What are the prime factors of 81264332?
2, 20316083
List the prime factors of 3043732928.
2, 1483, 32069
What are the prime factors of 985480168?
2, 421, 292601
What are the prime factors of 50228171?
7, 43, 166871
List the prime factors of 5391101.
71, 75931
What are the prime factors of 76573119?
3, 7, 3646339
List the prime factors of 31471360.
2, 5, 23, 1069
List the prime factors of 2522536902.
2, 3, 827, 169457
What are the prime factors of 29095896?
2, 3, 41, 29569
What are the prime factors of 66133860?
2, 3, 5, 13, 84787
List the prime factors of 34983984.
2, 3, 7, 104119
What are the prime factors of 4951081224?
2, 3, 17, 197, 20533
What are the prime factors of 203777215?
5, 17, 43, 127, 439
What are the prime factors of 4372240318?
2, 2186120159
What are the prime factors of 2706936516?
2, 3, 23, 43, 25343
What are the prime factors of 43073560?
2, 5, 971, 1109
What are the prime factors of 106826138?
2, 463, 115363
What are the prime factors of 1565575405?
5, 47, 2399, 2777
What are the prime factors of 52258673?
52258673
List the prime factors of 266909837.
1663, 160499
What are the prime factors of 1019444914?
2, 79, 101, 193, 331
What are the prime factors of 501718?
2, 7, 35837
List the prime factors of 1078547.
251, 4297
List the prime factors of 231056014.
2, 7, 107, 154243
List the prime factors of 2056242424.
2, 4817, 53359
What are the prime factors of 57810996?
2, 3, 19, 9391
List the prime factors of 60525457.
17, 541, 6581
What are the prime factors of 131309755?
5, 26261951
List the prime factors of 1570174777.
131, 277, 43271
List the prime factors of 413133313.
107, 3861059
What are the prime factors of 184537040?
2, 5, 17, 47, 2887
List the prime factors of 175293188.
2, 7, 17, 52609
List the prime factors of 93132750.
2, 3, 5, 23, 5399
What are the prime factors of 186428718?
2, 3, 7, 37, 39989
List the prime factors of 38431545.
3, 5, 809, 3167
What are the prime factors of 143852568?
2, 3, 587, 10211
What are the prime factors of 1362070165?
5, 59, 4617187
List the prime factors of 336450860.
2, 5, 19, 885397
What are the prime factors of 289288076?
2, 7, 11, 939247
What are the prime factors of 1496979868?
2, 374244967
What are the prime factors of 34611846?
2, 3, 5768641
What are the prime factors of 2469388435?
5, 103, 113, 42433
List the prime factors of 104617311.
3, 307, 113591
What are the prime factors of 247449220?
2, 5, 12372461
List the prime factors of 363656008.
2, 45457001
What are the prime factors of 71212540?
2, 5, 7, 508661
List the prime factors of 5877684646.
2, 61, 48177743
What are the prime factors of 406702052?
2, 101675513
List the prime factors of 89465320.
2, 5, 7, 319519
List the prime factors of 9205394.
2, 11, 418427
List the prime factors of 59378211.
3, 19, 283, 409
List the prime factors of 677067664.
2, 7, 13, 465019
What are the prime factors of 121208650?
2, 5, 2424173
List the prime factors of 147406462.
2, 7, 53, 257, 773
What are the prime factors of 232143843?
3, 19, 4072699
What are the prime factors of 263347506?
2, 3, 1153, 12689
List the prime factors of 3040152722.
2, 19, 101, 792119
List the prime factors of 62273354.
2, 11, 13, 217739
List the prime factors of 179726626.
2, 59, 1523107
List the prime factors of 3544702474.
2, 1772351237
What are the prime factors of 1823958315?
3, 5, 31, 1307497
List the prime factors of 13956926.
2, 6978463
List the prime factors of 17760948.
2, 3, 1480079
List the prime factors of 198300909.
3, 66100303
List the prime factors of 2815225.
5, 7, 16087
What are the prime factors of 249623336?
2, 59, 528863
What are the prime factors of 101288043?
3, 3751409
What are the prime factors of 1128807564?
2, 3, 94067297
What are the prime factors of 97684704?
2, 3, 13, 223
List the prime factors of 2798929476.
2, 3, 7, 1811, 6133
List the prime factors of 1657531647.
3, 727, 84443
List the prime factors of 115795749.
3, 38598583
What are the prime factors of 4155704771?
43, 96644297
What are the prime factors of 889594112?
2, 11, 315907
List the prime factors of 2318355670.
2, 5, 231835567
List the prime factors of 1174688110.
2, 5, 19, 113, 54713
What are the prime factors of 31575400?
2, 5, 157877
What are the prime factors of 1606130323?
7, 137, 1674797
What are the prime factors of 3131134295?
5, 97, 6455947
What are the prime factors of 1861222737?
3, 11, 56400689
List the prime factors of 116211195.
3, 5, 277, 9323
List the prime factors of 470642598.
2, 3, 109, 239879
What are the prime factors of 161619392?
2, 11, 101, 2273
List the prime factors of 159704402.
2, 11, 13, 47, 109
List the prime factors of 40662011.
13, 17, 79, 137
What are the prime factors of 234629138?
2, 17, 19, 263, 1381
List the prime factors of 390922203.
3, 7, 379, 49117
List the prime factors of 261553537.
7, 37364791
What are the prime factors of 175047358?
2, 6229, 14051
What are the prime factors of 756169541?
461, 1640281
What are the prime factors of 33615453?
3, 61, 183691
List the prime factors of 2123374.
2, 11, 96517
List the prime factors of 881176746.
2, 3, 146862791
List the prime factors of 13356489.
3, 107, 41609
What are the prime factors of 61383037?
37, 127, 13063
List the prime factors of 282204413.
282204413
What are the prime factors of 65710086?
2, 3, 13, 103, 8179
List the prime factors of 1296329078.
2, 11, 677, 87037
What are the prime factors of 3142970688?
2, 3, 11, 13, 114473
List the prime factors of 2005502283.
3, 222833587
List the prime factors of 2416065395.
5, 483213079
List the prime factors of 1061953324.
2, 2957, 89783
List the prime factors of 54365434.
2, 683, 39799
What are the prime factors of 285011474?
2, 11, 12955067
What are the prime factors of 813850827?
3, 271283609
List the prime factors of 3216153533.
401, 8020333
What are the prime factors of 94092172?
2, 23, 53, 839
List the prime factors of 35676155.
5, 53, 61, 2207
List the prime factors of 46230655.
5, 9246131
What are the prime factors of 4542256438?
2, 47, 48321877
List the prime factors of 26003350.
2, 5, 520067
What are the prime factors of 3442762106?
2, 7, 17, 14465387
List the prime factors of 1052648072.
2, 7, 18797287
List the prime factors of 383237628.
2, 3, 157, 203417
List the prime factors of 147838727.
3167, 46681
What are the prime factors of 305328353?
11, 41, 101, 6703
List the prime factors of 66774801.
3, 3739, 5953
List the prime factors of 114243950.
2, 5, 2284879
What are the prime factors of 462945453?
3, 8513, 18127
What are the prime factors of 524063601?
3, 6469921
What are the prime factors of 53302098?
2, 3, 8883683
List the prime factors of 978532717.
18793, 52069
What are the prime factors of 71262454?
2, 29, 73, 16831
List the prime factors of 198702426.
2, 3, 13, 17, 11527
List the prime factors of 130756624.
2, 1423, 5743
What are the prime factors of 212974230?
2, 3, 5, 7, 19, 53377
What are the prime factors of 1654478361?
3, 183830929
List the prime factors of 53709396.
2, 3, 13, 344291
What are the prime factors of 54090651?
3, 17, 101, 10501
What are the prime factors of 123